d(t) = -6*t**2 + 73*t + 42. Determine d(13).
-23
Let b(h) = -h**3 + 2*h**2 + 71*h + 86. Determine b(10).
-4
Let u(p) = p + 4. What is u(27)?
31
Let x(i) = 90*i + 54. What is x(-3)?
-216
Let l(g) = 4*g**2 - 82*g - 73. Determine l(22).
59
Let d(p) = 2*p**2 - 533*p - 2704. Give d(-5).
11
Let k(j) = 79*j + 1101. Give k(-14).
-5
Let a(l) = l**3 + 44*l**2 - 300*l - 26. Give a(-50).
-26
Let m(d) = 8*d**2 - 2*d - 2. Give m(2).
26
Let s(w) = w**2 - 245*w + 4461. What is s(225)?
-39
Let p(b) = -b**3 - 6*b**2 + 22*b - 31. Give p(-9).
14
Let w(n) = 2*n**3 - 23*n**2 - 119*n - 1. What is w(-4)?
-21
Let w(n) = -3588*n + 10754. Give w(3).
-10
Let v(z) = 85*z - 4124. What is v(51)?
211
Let u(g) = -2116*g + 4228. Calculate u(2).
-4
Let y(d) = 18*d**2 - 935*d - 61. Give y(52).
-9
Let b(x) = -45*x**2 + 150*x - 18. Calculate b(3).
27
Let x(w) = -43*w - 187. Determine x(-6).
71
Let o(b) = -458*b + 5037. Calculate o(11).
-1
Let x(l) = -l**2 - 30*l - 232. What is x(-22)?
-56
Let i(z) = -2*z - 57. Determine i(-20).
-17
Let d(p) = -8*p**2 + 15*p - 15. Give d(3).
-42
Let l(j) = -23*j**2 - 184*j + 5. Calculate l(-8).
5
Let o(u) = u**2 - 144*u - 1718. What is o(-11)?
-13
Let h(d) = 21*d**3 - 12*d**2 - 2*d + 3. Calculate h(1).
10
Let v(q) = 501*q - 11104. Determine v(22).
-82
Let d(o) = 5*o**2 + 104*o + 10. Determine d(-21).
31
Let h(x) = 9084*x - 127180. Calculate h(14).
-4
Let y(c) = 5*c + 93. What is y(-8)?
53
Let t(d) = -d**3 + d**2 + 4*d - 30. What is t(0)?
-30
Let p(b) = 11*b + 77. Give p(-11).
-44
Let j(c) = -53*c - 161. Calculate j(6).
-479
Let h(z) = -z**3 + 21*z**2 - 22*z + 41. Determine h(20).
1
Let c(p) = -87*p - 382. Give c(-4).
-34
Let j(k) = 100*k - 687. Calculate j(7).
13
Let y(w) = -2*w**3 + 49*w**2 - 104*w - 100. What is y(22)?
32
Let p(z) = -3*z**3 - 50*z**2 + 10*z - 118. Determine p(-17).
1
Let r(m) = 2*m**3 - 35*m**2 + 255*m - 4055. Give r(17).
-9
Let o(p) = 59*p**2 - 2059*p - 197. Calculate o(35).
13
Let a(g) = 86*g + 409. Determine a(-4).
65
Let u(i) = -13*i**2 - 2*i + 2. Calculate u(6).
-478
Let n(g) = -208*g - 1841. What is n(-9)?
31
Let f(b) = b**3 - 77*b**2 + 74*b + 177. Determine f(76).
25
Let q(p) = p**3 - 21*p**2 - 5*p + 89. What is q(21)?
-16
Let t(q) = -2*q**3 + 46*q**2 - 2*q + 13. Give t(23).
-33
Let s(q) = -3*q**2 - 125*q - 847. Calculate s(-33).
11
Let k(y) = -y**2 + 30*y + 8. What is k(30)?
8
Let b(j) = -2*j**2 - 90*j - 947. What is b(-17)?
5
Let a(k) = k**3 + 30*k**2 - 2386*k - 70038. What is a(-29)?
-3
Let g(b) = -b**2 + 30*b + 24. Give g(-6).
-192
Let x(l) = -26*l - 70. Give x(-8).
138
Let b(a) = a**3 + 10*a**2 + 11*a - 35. Determine b(-7).
35
Let h(l) = l**3 + 27*l**2 - 472*l - 10. What is h(-39)?
146
Let f(j) = -j**2 - 26*j - 151. What is f(-8)?
-7
Let l(q) = 29*q - 216. Calculate l(12).
132
Let a(l) = -2*l**3 - 66*l**2 - 71*l - 231. What is a(-32)?
-7
Let x(y) = -2*y - 417. Determine x(-206).
-5
Let q(j) = 7*j**2 - 131*j - 888. Determine q(24).
0
Let i(h) = -2*h**2 - 2*h + 122. Give i(-13).
-190
Let h(o) = -2*o**3 - 152*o**2 + 315*o + 212. Determine h(-78).
-22
Let p(i) = i**2 - 49*i - 201. Give p(-4).
11
Let m(n) = -n**3 - 49*n**2 - 28*n - 1326. Determine m(-49).
46
Let z(a) = -2*a**2 + 28*a + 64. Give z(16).
0
Let k(d) = 2*d - 159. Determine k(-11).
-181
Let z(y) = 92*y + 2314. Determine z(-25).
14
Let m(t) = t**3 - 60*t**2 - 189*t - 61. Determine m(63).
-61
Let a(k) = 2*k**3 + 130*k**2 - 132*k - 4. Give a(-66).
-4
Let q(i) = i**3 + 14*i**2 + 14*i - 101. Give q(-12).
19
Let o(m) = 4*m**3 - 109*m**2 - 68*m + 31. Give o(28).
479
Let l(d) = d**2 + 35*d - 72. Give l(-37).
2
Let h(t) = 7*t**2 - 1112*t - 168. Calculate h(159).
-9
Let q(h) = h**2 - 13*h + 5. Calculate q(7).
-37
Let w(a) = 6*a + 173. Give w(9).
227
Let p(g) = -2*g**2 - 232*g - 2. Calculate p(-116).
-2
Let z(y) = -28961*y + 202727. Give z(7).
0
Let d(y) = -6*y**3 - 3*y**2 - 5*y + 5. What is d(2)?
-65
Let f(n) = 124*n + 928. Determine f(-9).
-188
Let u(x) = -255*x - 37270. What is u(-146)?
-40
Let h(p) = -36*p - 362. Determine h(-8).
-74
Let k(m) = -2024*m + 42507. Give k(21).
3
Let x(y) = 20*y + 11. Give x(-1).
-9
Let h(y) = -y**3 - 13*y**2 + 56*y - 28. Calculate h(-17).
176
Let h(c) = -288*c - 3448. Calculate h(-12).
8
Let m(v) = -v**3 + 7*v**2 - 49*v + 654. Calculate m(9).
51
Let t(v) = v**2 + 18*v - 96. Give t(-22).
-8
Let d(w) = -2883*w - 213335. What is d(-74)?
7
Let n(r) = -240*r + 4556. Determine n(19).
-4
Let s(v) = -2*v**3 - v**2 + 552*v - 1653. Calculate s(3).
-60
Let r(k) = -839*k + 4849. Give r(6).
-185
Let f(w) = -w**3 + 3*w**2 - 15*w - 1. Calculate f(4).
-77
Let j(h) = 49*h + 63. Calculate j(-1).
14
Let s(t) = -t**3 + 41*t**2 - 111*t + 42. Determine s(38).
156
Let m(a) = -17*a**2 + 34*a + 37. Calculate m(-1).
-14
Let f(v) = 64*v + 54. What is f(-2)?
-74
Let h(v) = 79*v**3 + 328*v**2 + 35*v - 13. Determine h(-4).
39
Let u(d) = -d**2 + 346*d - 28973. Determine u(204).
-5
Let p(h) = -559*h + 9. Determine p(-1).
568
Let g(w) = -w**2 - 28*w + 396. What is g(-37)?
63
Let g(x) = x**2 - 1884*x + 9396. Give g(5).
1
Let q(u) = -u**3 - 9*u**2 - 39*u - 251. What is q(-8)?
-3
Let y(g) = 2*g**3 - 39*g**2 + 21*g - 45. Give y(19).
-7
Let d(j) = -65*j - 9. Give d(-1).
56
Let s(v) = -v**3 + 8*v**2 - 21*v + 142. Determine s(8).
-26
Let a(b) = -b**3 - 18*b**2 + 13*b + 519. What is a(-17)?
9
Let t(m) = -m**2 + 22*m + 42. What is t(23)?
19
Let f(v) = v**3 - 17*v**2 + 46*v - 149. Determine f(15).
91
Let b(v) = 29*v + 1488. Calculate b(-54).
-78
Let j(c) = -c**3 + 17*c**2 + 27*c - 158. Give j(18).
4
Let m(k) = -4*k**3 - k**2 + 18*k + 41. What is m(-2)?
33
Let s(m) = 140*m - 24216. Determine s(173).
4
Let v(n) = n**3 - 15*n**2 + 10*n + 43. What is v(15)?
193
Let k(g) = 229*g + 2070. Give k(-9).
9
Let b(o) = -73*o + 1479. Determine b(12).
603
Let i(p) = -2*p**3 + 46*p - 50. What is i(4)?
6
Let p(d) = -106*d**2 + 7*d + 8. Calculate p(-2).
-430
Let y(v) = 4*v**3 - 12*v**2 - 6*v + 19. What is y(3)?
1
Let d(c) = 298*c + 2376. Calculate d(-8).
-8
Let a(z) = 3*z**2 + 269*z - 3325. Determine a(11).
-3
Let w(q) = 244*q + 6831. Calculate w(-28).
-1
Let u(x) = x**2 - 341*x - 1018. Give u(-3).
14
Let o(j) = 2567*j - 35923. Give o(14).
15
Let j(x) = -219*x**2 + 653*x + 22. Calculate j(3).
10
Let y(s) = -s**2 + 18*s + 313. What is y(-10)?
33
Let p(g) = -g**2 - 98*g - 886. Determine p(-10).
-6
Let v(i) = 5*i**2 - 57*i - 300. Give v(-7).
344
Let z(w) = w**3 + 22*w**2 - 717*w + 120. Determine z(-40).
0
Let c(s) = -s**3 - 9*s**2 + 14*s - 14. Determine c(-10).
-54
Let z(w) = w**3 - 27*w**2 - 632*w + 74. Give z(42).
-10
Let v(h) = 274*h - 19723. What is v(72)?
5
Let v(f) = -12*f**2 - 524*f + 86. Give v(-44).
-90
Let x(k) = k**2 - 114*k - 2982. Determine x(-22).
10
Let r(x) = -x**3 - 14*x**2 + 101*x - 155. Determine r(-20).
225
Let r(h) = 3*h**3 - 18*h**2 + 185*h - 1122. Determine r(6).
-12
Let c(o) = 37*o**2 + 26*o + 25. Give c(-1).
36
Let n(d) = d**2 - 47*d + 394. What is n(32)?
-86
Let o(n) = -n**3 + 44*n**2 - 121*n - 110. What is o(41)?
-28
Let v(l) = 5*l**2 - 71*l + 214. Determine v(11).
38
Let h(l) = 11472*l + 45884. Determine h(-4).
-4
Let t(h) = h**3 - 41*h**2 + 31*h + 378. Calculate t(40).
18
Let x(t) = t**3 + 44*t**2 + 118*t - 161. Give x(-41).
44
Let t(s) = -s**2 + 103*s - 262. Determine t(101).
-60
Let v(f) = 20*f**2 - 149*f + 67. Determine v(7).
4
Let j(z) = -435*z**2 + 7830*z - 10. What is j(18)?
-10
Let h(i) = -3*i**3 + 31*i**2 - 5*i - 57. Determine h(10).
-7
Let u(c) = 49*c**2 + 4*c + 4. Determine u(-2).
192
Let o(r) = 2*r**2 - 8*r - 2. Give o(8).
62
Let h(c) = -13*c**2 + 89*c + 89. Determine h(-1).
-13
Let c(o) = 6*o + 131. What is c(-16)?
35
Let h(s) = -s**3 + 15*s**2 - 153*s + 1195. Calculate h(11).
-4
Let k(h) = -6*h**2 + 14*h - 11. Determine k(3).
-23
Let h(u) = 9*u**2 - 44*u + 61. What is h(10)?
521
Let b(h) = 14*h**3 + 53*h**2 - 4*h + 3. Give b(-4).
-29
Let b(u) = u**2 - 377*u + 1125. Give b(3).
3
Let n(q) = -5*q**3 + 81*q**2 + 671*q + 18. Calculate n(-6).
-12
Let y(m) = -500*m**2 + 268*m - 269. Calculate y(1).
-501
Let x(i) = i**2 + 8*i - 480. Determine x(18).
-12
Let z(s) = -s**3 - 10*s**2 - 10*s - 37. What is z(-7)?
-114
Let q(f) = 2*f**2 + 115*f + 1632. Give q(-17).
255
Let w(y) = 2*y - 71. Give w(45).
19
Let g(i) = 48*i + 813. Calculate g(-17).
-3
Let a(h) = -149*h + 520